uppose 9*z + 12 = 13*z. Suppose y = -z*t - 9, -3*t - 11 + 2 = -y. What is the tens digit of 29/2*(t - -7)?
5
Suppose 170*s - 176*s = -858. What is the units digit of s?
3
Let r(h) = -h**2 - 1. Let l(s) = -s**2 + 12*s - 5. Let w(k) = -l(k) + 2*r(k). What is the units digit of w(-12)?
3
Suppose -4*s = -6*s - 2, -2*j + s = -13. Let l(b) = -2*b**2 + 12*b + 6. What is the units digit of l(j)?
6
Suppose 11 + 1 = 4*t. Suppose 5*p - 724 = -t*y, 49 = p - 5*y - 79. What is the tens digit of p?
4
What is the units digit of 805 + (-4 - ((5 - 1) + -3))?
0
Let x(s) be the first derivative of -3*s**2 + 27*s - 3. What is the units digit of x(-6)?
3
Let j be 3 - (-1 - 8)/(-3). Suppose j = -3*a + 8*a. Suppose -2*c - c + 54 = a. What is the units digit of c?
8
Let l(a) = a - 2. Let p(r) = r**2 - r + 1. Let y(n) = 4*l(n) + 3*p(n). What is the tens digit of y(4)?
4
Let p be (1 - 8/20)*5. Suppose -5*j = v + p, 2 = -v - j - 3*j. Suppose w - m = -0 + 38, 5*m + 79 = v*w. What is the tens digit of w?
3
Let w = 117 - 292. Let i = 406 + w. What is the hundreds digit of i?
2
Suppose 2*h + 2*o + 40 = 0, -3*h + 4*o = -o + 44. Let c = -22 - h. What is the units digit of 3/(-5 + c)*-147?
9
Let s be (-2)/5 - (-348)/20. Suppose -s = -3*x - 5. Suppose 5*q - 4*d - 144 = 0, -4*d + 5*d - 111 = -x*q. What is the units digit of q?
8
What is the thousands digit of (2 - 26514/(-24)) + 7/28?
1
Suppose -2*r - 4 = -4*r. Suppose -r*b = -4*j - 134, 322 - 89 = 3*b + 2*j. What is the tens digit of b?
7
Suppose 0 = -14*x + 11*x - 30. Let f be (-1 + 1)/(x/(-5)). Suppose f = -i + 66 + 8. What is the tens digit of i?
7
Let j(p) be the second derivative of 1/6*p**3 - 1/20*p**5 + 0 - 2*p**2 - 7/12*p**4 - p. What is the tens digit of j(-8)?
5
Let o be 4*82/(-8)*-2. Suppose o = 5*k - 213. What is the tens digit of k?
5
Suppose 0 = -4*b - 5*p - 8, -4*p + 6 = b + 19. Suppose b*g = -2*g + 60. Suppose 69 = 3*m - g. What is the units digit of m?
7
Let x(i) = -i**3 + i**2 + 2*i + 271. What is the hundreds digit of x(0)?
2
Let m(c) = -c**3 - 15*c**2 - c - 13. Let q be m(-15). Suppose 128 = -4*n + x, 2*x - 44 - 47 = 3*n. What is the tens digit of 4/2 - n - q?
3
Let w(k) = 4*k**3 - k + k**2 + 2 - 3*k**3 - 5*k**2 + 3*k**2. Let y be w(2). Suppose 0 = -0*h + y*h - 84. What is the tens digit of h?
2
Suppose -4*v - 3*f = -729, -5*v + 2*f + 940 = -0*f. Let m = v - 50. What is the hundreds digit of m?
1
Let m = -5 - -12. Suppose 2*v - 5*u = 47 + 52, v - 2*u - 47 = 0. Let x = m + v. What is the units digit of x?
4
Let v(d) = -23*d - 6 + 3 + 24*d. Suppose -2*q = 4, 2*o + 0*o = -q + 12. What is the units digit of v(o)?
4
Suppose 0 = 5*s + 4*d - 10201, 2*d = d - 1. What is the tens digit of s?
4
Suppose -5*x + 6017 = 3*c - 5*c, -3*c = -5*x + 6018. What is the units digit of x?
3
Let o be 30/20 - 5/(-2). Suppose o*h + 0*h = 8. Suppose -h*l = -3*r - 31, -85 = -5*l + 4*r + 3. What is the tens digit of l?
2
Let s(o) = o**2 + 4*o - 6. Suppose -3*x - 57 - 123 = 0. Let h be x/(-70)*(-1 - 6). What is the units digit of s(h)?
6
Let q be 2 + (-4)/4*-108. Let j = 167 - q. What is the units digit of j?
7
Let h(g) = -4 + 6*g + 1 - 2*g + 1. Let v be h(12). Suppose -2*u + 4*u - v = 0. What is the units digit of u?
3
Let r = 5738 + -3829. What is the tens digit of r?
0
Let h(p) = 47*p**2 - 10*p + 31. What is the units digit of h(-7)?
4
Suppose 0 = -11*l + 7*l + 12. Suppose -3*y + 4*f = y - 4, l*y = -3*f + 9. Let m = 37 + y. What is the tens digit of m?
3
What is the thousands digit of 6 + 0 + 6783/3?
2
What is the hundreds digit of ((-6816)/(-14))/(-12)*-77?
1
Let q be (-1224)/(-10) + (-18)/45. Suppose 2*a + b = q - 9, 3*a = 4*b + 186. What is the units digit of a?
8
Let t(g) = 2*g - 3. Let h be t(5). Let v = -38 + h. Let p = v - -58. What is the units digit of p?
7
What is the units digit of 0/(12/(4/(-1))) + 709?
9
Suppose 191*n + 6042 = 210*n. What is the units digit of n?
8
Let z be 1 + -30 + 0 + -2. Let f = z + 60. What is the tens digit of f?
2
Let y(u) = u**2 + 2*u - 1. Let m = 16 - 18. Let g be -1 + -2 - (-7 + m). What is the units digit of y(g)?
7
Let h(c) be the first derivative of c**4/4 - 2*c**3 + 3*c**2 - 10*c - 11. What is the tens digit of h(7)?
8
What is the hundreds digit of 2/4*17312/16?
5
Let a = 52 - 26. Suppose -a = -b - 11. What is the tens digit of b?
1
Let o(h) = 49 + 45 - 83 + 2*h. Suppose -2*b - 18 = -4*b. What is the tens digit of o(b)?
2
Let s = -304 + 1229. What is the units digit of s?
5
Suppose 10 = 2*x + 3*x. What is the units digit of (4 + 14 + -2)*x?
2
Let x(y) = 26*y**2 - 28*y + 51. What is the units digit of x(2)?
9
Let y(n) be the first derivative of -33*n**4/4 - n**3/3 - n**2/2 + 16. What is the units digit of y(-1)?
3
Suppose 0 = -14*r - 5576 - 36508. What is the hundreds digit of ((r/(-6))/(-3))/(-1)?
1
Let m = 14 - 8. Suppose m = 3*h - 15. Let x = h + 11. What is the tens digit of x?
1
Let i(r) = 2*r**3 - 2*r**2 - 2*r - 7. Let z be i(5). Let p = 299 - z. What is the tens digit of p?
1
Let b(g) = -2*g - 34. Let q be b(-18). Suppose -5*d = i - 70, q*d = 7*d + 4*i - 85. What is the units digit of d?
3
Let z = 10006 + -5797. What is the units digit of z?
9
Let c(d) be the second derivative of -d**3/6 - 2*d**2 - 10*d. Suppose 5*v = -6*u + 2*u - 30, -u = 2*v + 15. What is the units digit of c(v)?
6
Let f be (-2)/(-4)*(-6 + 0 + 6). Suppose -a + 13 = -f*a. What is the tens digit of a?
1
Suppose -5*m + 1 = 2*k - 4, 0 = -5*k + 4*m - 4. What is the units digit of (42/6)/((-1)/(-16) - k)?
2
Suppose 0 = 25*v - 7*v - 15570. What is the tens digit of v?
6
Let t = 105 + -73. Let s = 53 - t. What is the tens digit of s?
2
Let o(m) = m**3 - 25*m**2 + 118*m - 4. What is the tens digit of o(23)?
5
Let b = 115 + -230. Let j = 195 + b. What is the tens digit of j?
8
Suppose -2032 - 2189 = -7*n. What is the tens digit of n?
0
Suppose 3*n = 4*g + 42 - 2, -4*n + 4*g + 48 = 0. Suppose 29*k - 66 = 27*k. Suppose -9*d = -n*d - k. What is the units digit of d?
3
Let n(c) = 2*c**2 - 2. Let v be n(5). Suppose g = -5*b, 3*g = -g + 4*b + v. What is the units digit of g?
0
Suppose 2*x = 15 - 31. Let s = x - -55. What is the tens digit of s?
4
Let h(k) = 79*k**3 - k. Let j be (-3)/6*(0 - 2). What is the tens digit of h(j)?
7
Let h(b) = -3*b**3 - 5*b**2 + 4*b + 6. Let r be h(-5). Let t = r + -159. Suppose 4*g - t = 11. What is the tens digit of g?
2
Let a = -160 + 158. What is the units digit of 1/((-305)/155 - a)?
1
Let r be ((-34)/119)/(((-1)/7)/1). Suppose 180 = 2*z - r*m, 0 = z - 2*m + 5*m - 78. What is the units digit of z?
7
Let y(l) be the first derivative of 17*l + 1/3*l**3 - 3*l**2 + 4. What is the tens digit of y(7)?
2
Let g(c) = -10*c - 48. Let y be g(0). What is the tens digit of (-1 - 437)*32/y?
9
Let d(f) = f**3 - 2 + 2*f**3 - 2*f**3 - f + 4 + f**2. Let p be d(-2). What is the units digit of 3/(2/8 - p)?
2
Suppose -4*a = 3*w - 1865 - 146, 4*w - 2673 = 3*a. Suppose 221 + w = 5*p. Suppose 3*i = 2*l + p, -2*i - 119 = -4*i + l. What is the tens digit of i?
6
Suppose -608 + 146 = -7*s. Let v = 252 - s. What is the hundreds digit of v?
1
Suppose 10*k - 1686 = 674. What is the units digit of k?
6
Suppose -5*a = 17 + 8. Let d(h) = h**3 + 4*h**2 - 5*h + 4. Let c be d(a). Suppose -j - v + 28 = 0, 2*j - c*v = -v + 31. What is the tens digit of j?
2
Let y(q) = q**2 + 22*q + 6. Let f be y(-10). Let p = f + 195. What is the tens digit of p?
8
Let p(x) be the second derivative of -x**5/20 - 4*x**4/3 - 5*x**3/2 + 9*x**2/2 + 2*x. Let i = -23 + 8. What is the units digit of p(i)?
9
Let p = 28 + -27. What is the units digit of (1/p)/(16/1168)?
3
Let t(s) = 4*s**2. Let x be t(-1). Suppose -26 = -x*n + 3*n - g, -2*g + 10 = 0. Let j = n - 15. What is the units digit of j?
6
Let l = -58 + 60. Suppose l*x - 37 = 177. What is the hundreds digit of x?
1
Let c = 267 - 156. Let p = c + -39. What is the units digit of p?
2
Suppose 2*h + i + 8 = -2*h, -5*i = -4*h + 16. Let f(l) be the second derivative of -23*l**3/6 - l**2/2 + l. What is the units digit of f(h)?
2
Let d(q) = -88*q**3 - q**2 - q - 23. What is the hundreds digit of d(-3)?
3
Let h = -174 + 177. Suppose -36 = -2*i + i. Suppose -2*z = h*q - i, 3*z + 0*q = -4*q + 56. What is the units digit of z?
4
Let s = 19 + -14. Let i be 1 + -2 - (-2 + s). What is the units digit of 1/(i/8) - -